{"id":37,"date":"2023-12-12T12:35:23","date_gmt":"2023-12-12T11:35:23","guid":{"rendered":"https:\/\/espacesantelerichelieu.com\/?page_id=37"},"modified":"2025-01-24T15:04:53","modified_gmt":"2025-01-24T14:04:53","slug":"accueil","status":"publish","type":"page","link":"https:\/\/espacesantelerichelieu.com\/","title":{"rendered":""},"content":{"rendered":"\t\t<div data-elementor-type=\"wp-page\" data-elementor-id=\"37\" class=\"elementor elementor-37\">\n\t\t\t\t<div class=\"elementor-element elementor-element-4fff6fc9 e-con-full e-flex e-con e-parent\" data-id=\"4fff6fc9\" data-element_type=\"container\" data-e-type=\"container\" data-settings=\"{&quot;background_background&quot;:&quot;classic&quot;}\">\n\t\t<div class=\"elementor-element elementor-element-167c577b e-con-full e-flex e-con e-child\" data-id=\"167c577b\" data-element_type=\"container\" data-e-type=\"container\">\n\t\t\t\t<div class=\"elementor-element elementor-element-2c1fcc04 elementor-widget__width-initial elementor-widget elementor-widget-heading\" data-id=\"2c1fcc04\" data-element_type=\"widget\" data-e-type=\"widget\" data-widget_type=\"heading.default\">\n\t\t\t\t<div class=\"elementor-widget-container\">\n\t\t\t\t\t<h1 class=\"elementor-heading-title elementor-size-default\">L'Espace Sant\u00e9 Le Richelieu d'Al\u00e8s<\/h1>\t\t\t\t<\/div>\n\t\t\t\t<\/div>\n\t\t\t\t<div class=\"elementor-element elementor-element-6ca62a8f elementor-widget__width-initial elementor-widget elementor-widget-text-editor\" data-id=\"6ca62a8f\" data-element_type=\"widget\" data-e-type=\"widget\" data-widget_type=\"text-editor.default\">\n\t\t\t\t<div class=\"elementor-widget-container\">\n\t\t\t\t\t\t\t\t\t<p>regroupe une vingtaine de praticiens, tous compl\u00e9mentaires par leur approche, technique et professionnalisme, qui sauront r\u00e9pondre \u00e0 vos besoins et prendre soin de vous.<\/p><p>Horaires d&rsquo;ouverture : du lundi au samedi sur rendez-vous.<\/p>\t\t\t\t\t\t\t\t<\/div>\n\t\t\t\t<\/div>\n\t\t\t\t<div class=\"elementor-element elementor-element-2a2b4a0a elementor-mobile-align-center elementor-button-success elementor-align-center elementor-widget elementor-widget-button\" data-id=\"2a2b4a0a\" data-element_type=\"widget\" data-e-type=\"widget\" data-widget_type=\"button.default\">\n\t\t\t\t<div class=\"elementor-widget-container\">\n\t\t\t\t\t\t\t\t\t<div class=\"elementor-button-wrapper\">\n\t\t\t\t\t<a class=\"elementor-button elementor-button-link elementor-size-sm\" href=\"https:\/\/www.facebook.com\/profile.php?id=100090154928580\">\n\t\t\t\t\t\t<span class=\"elementor-button-content-wrapper\">\n\t\t\t\t\t\t<span class=\"elementor-button-icon\">\n\t\t\t\t<svg aria-hidden=\"true\" class=\"e-font-icon-svg e-fab-facebook\" viewBox=\"0 0 512 512\" xmlns=\"http:\/\/www.w3.org\/2000\/svg\"><path d=\"M504 256C504 119 393 8 256 8S8 119 8 256c0 123.78 90.69 226.38 209.25 245V327.69h-63V256h63v-54.64c0-62.15 37-96.48 93.67-96.48 27.14 0 55.52 4.84 55.52 4.84v61h-31.28c-30.8 0-40.41 19.12-40.41 38.73V256h68.78l-11 71.69h-57.78V501C413.31 482.38 504 379.78 504 256z\"><\/path><\/svg>\t\t\t<\/span>\n\t\t\t\t\t\t\t\t\t<span class=\"elementor-button-text\">Suivez-nous !<\/span>\n\t\t\t\t\t<\/span>\n\t\t\t\t\t<\/a>\n\t\t\t\t<\/div>\n\t\t\t\t\t\t\t\t<\/div>\n\t\t\t\t<\/div>\n\t\t\t\t<\/div>\n\t\t<div class=\"elementor-element elementor-element-13a0a6a6 e-con-full e-flex e-con e-child\" data-id=\"13a0a6a6\" data-element_type=\"container\" data-e-type=\"container\">\n\t\t\t\t<div class=\"elementor-element elementor-element-e67fa4e elementor-widget elementor-widget-image\" data-id=\"e67fa4e\" data-element_type=\"widget\" data-e-type=\"widget\" data-widget_type=\"image.default\">\n\t\t\t\t<div class=\"elementor-widget-container\">\n\t\t\t\t\t\t\t\t\t\t\t\t\t\t\t<img fetchpriority=\"high\" decoding=\"async\" width=\"768\" height=\"576\" src=\"https:\/\/i0.wp.com\/espacesantelerichelieu.com\/wp-content\/uploads\/2023\/12\/photo_2-scaled.jpeg?fit=768%2C576&amp;ssl=1\" class=\"attachment-medium_large size-medium_large wp-image-18\" alt=\"\" srcset=\"https:\/\/i0.wp.com\/espacesantelerichelieu.com\/wp-content\/uploads\/2023\/12\/photo_2-scaled.jpeg?w=2560&amp;ssl=1 2560w, https:\/\/i0.wp.com\/espacesantelerichelieu.com\/wp-content\/uploads\/2023\/12\/photo_2-scaled.jpeg?resize=300%2C225&amp;ssl=1 300w, https:\/\/i0.wp.com\/espacesantelerichelieu.com\/wp-content\/uploads\/2023\/12\/photo_2-scaled.jpeg?resize=1024%2C768&amp;ssl=1 1024w, https:\/\/i0.wp.com\/espacesantelerichelieu.com\/wp-content\/uploads\/2023\/12\/photo_2-scaled.jpeg?resize=768%2C576&amp;ssl=1 768w, https:\/\/i0.wp.com\/espacesantelerichelieu.com\/wp-content\/uploads\/2023\/12\/photo_2-scaled.jpeg?resize=1536%2C1152&amp;ssl=1 1536w, https:\/\/i0.wp.com\/espacesantelerichelieu.com\/wp-content\/uploads\/2023\/12\/photo_2-scaled.jpeg?resize=2048%2C1536&amp;ssl=1 2048w, https:\/\/i0.wp.com\/espacesantelerichelieu.com\/wp-content\/uploads\/2023\/12\/photo_2-scaled.jpeg?w=1600&amp;ssl=1 1600w, https:\/\/i0.wp.com\/espacesantelerichelieu.com\/wp-content\/uploads\/2023\/12\/photo_2-scaled.jpeg?w=2400&amp;ssl=1 2400w\" sizes=\"(max-width: 768px) 100vw, 768px\" \/>\t\t\t\t\t\t\t\t\t\t\t\t\t\t\t<\/div>\n\t\t\t\t<\/div>\n\t\t\t\t<\/div>\n\t\t\t\t<\/div>\n\t\t\t\t<\/div>\n\t\t","protected":false},"excerpt":{"rendered":"<p>L&rsquo;Espace Sant\u00e9 Le Richelieu d&rsquo;Al\u00e8s regroupe une vingtaine de praticiens, tous compl\u00e9mentaires par leur approche, technique et professionnalisme, qui sauront r\u00e9pondre \u00e0 vos besoins et prendre soin de vous. Horaires d&rsquo;ouverture : du lundi au samedi sur rendez-vous. Suivez-nous !<\/p>\n","protected":false},"author":1,"featured_media":21,"parent":0,"menu_order":1,"comment_status":"closed","ping_status":"closed","template":"","meta":{"footnotes":""},"class_list":["post-37","page","type-page","status-publish","has-post-thumbnail","hentry"],"jetpack_sharing_enabled":false,"_links":{"self":[{"href":"https:\/\/espacesantelerichelieu.com\/index.php\/wp-json\/wp\/v2\/pages\/37","targetHints":{"allow":["GET"]}}],"collection":[{"href":"https:\/\/espacesantelerichelieu.com\/index.php\/wp-json\/wp\/v2\/pages"}],"about":[{"href":"https:\/\/espacesantelerichelieu.com\/index.php\/wp-json\/wp\/v2\/types\/page"}],"author":[{"embeddable":true,"href":"https:\/\/espacesantelerichelieu.com\/index.php\/wp-json\/wp\/v2\/users\/1"}],"replies":[{"embeddable":true,"href":"https:\/\/espacesantelerichelieu.com\/index.php\/wp-json\/wp\/v2\/comments?post=37"}],"version-history":[{"count":73,"href":"https:\/\/espacesantelerichelieu.com\/index.php\/wp-json\/wp\/v2\/pages\/37\/revisions"}],"predecessor-version":[{"id":420,"href":"https:\/\/espacesantelerichelieu.com\/index.php\/wp-json\/wp\/v2\/pages\/37\/revisions\/420"}],"wp:featuredmedia":[{"embeddable":true,"href":"https:\/\/espacesantelerichelieu.com\/index.php\/wp-json\/wp\/v2\/media\/21"}],"wp:attachment":[{"href":"https:\/\/espacesantelerichelieu.com\/index.php\/wp-json\/wp\/v2\/media?parent=37"}],"curies":[{"name":"wp","href":"https:\/\/api.w.org\/{rel}","templated":true}]}}